ed by 1112?
7
What is the remainder when 1970 is divided by 32?
18
Calculate the remainder when 13290 is divided by 694.
104
Calculate the remainder when 150761 is divided by 50202.
155
Calculate the remainder when 11650 is divided by 2861.
206
What is the remainder when 171697 is divided by 586?
585
Calculate the remainder when 21844 is divided by 109.
44
What is the remainder when 3215 is divided by 7?
2
Calculate the remainder when 6841 is divided by 48.
25
Calculate the remainder when 61654 is divided by 230.
14
What is the remainder when 84741 is divided by 28244?
9
What is the remainder when 1009 is divided by 300?
109
Calculate the remainder when 38537 is divided by 176.
169
What is the remainder when 435260 is divided by 29?
28
Calculate the remainder when 47180 is divided by 1382.
192
Calculate the remainder when 7457 is divided by 63.
23
What is the remainder when 1166 is divided by 559?
48
Calculate the remainder when 23300 is divided by 26.
4
Calculate the remainder when 18640 is divided by 113.
108
What is the remainder when 29340 is divided by 34?
32
Calculate the remainder when 129568 is divided by 10.
8
What is the remainder when 14419 is divided by 1559?
388
What is the remainder when 42716 is divided by 87?
86
What is the remainder when 2003 is divided by 372?
143
What is the remainder when 373853 is divided by 456?
389
Calculate the remainder when 54829 is divided by 27399.
31
Calculate the remainder when 9496 is divided by 3160.
16
Calculate the remainder when 143197 is divided by 63.
61
Calculate the remainder when 18701 is divided by 160.
141
What is the remainder when 11867 is divided by 258?
257
What is the remainder when 15297 is divided by 109?
37
Calculate the remainder when 7325472 is divided by 338.
336
What is the remainder when 950 is divided by 230?
30
What is the remainder when 575105 is divided by 178?
165
What is the remainder when 35176 is divided by 7033?
11
What is the remainder when 81366 is divided by 81?
42
Calculate the remainder when 16451 is divided by 374.
369
Calculate the remainder when 5820 is divided by 1940.
0
Calculate the remainder when 21602 is divided by 393.
380
Calculate the remainder when 122797 is divided by 26.
25
Calculate the remainder when 2287948 is divided by 66.
58
What is the remainder when 41622 is divided by 1300?
22
What is the remainder when 13178 is divided by 170?
88
Calculate the remainder when 5202 is divided by 208.
2
What is the remainder when 30917 is divided by 109?
70
What is the remainder when 131175 is divided by 152?
151
What is the remainder when 10082 is divided by 190?
12
Calculate the remainder when 32578 is divided by 91.
0
What is the remainder when 1982 is divided by 981?
20
Calculate the remainder when 196415 is divided by 32.
31
Calculate the remainder when 3244 is divided by 620.
144
Calculate the remainder when 8857 is divided by 7321.
1536
Calculate the remainder when 39248 is divided by 10.
8
What is the remainder when 5976 is divided by 377?
321
Calculate the remainder when 3335 is divided by 2857.
478
Calculate the remainder when 3794 is divided by 12.
2
Calculate the remainder when 47250 is divided by 788.
758
What is the remainder when 1758 is divided by 1681?
77
Calculate the remainder when 914 is divided by 136.
98
What is the remainder when 7636 is divided by 20?
16
Calculate the remainder when 1710 is divided by 144.
126
What is the remainder when 12041 is divided by 6008?
25
Calculate the remainder when 99 is divided by 36.
27
What is the remainder when 6551 is divided by 298?
293
What is the remainder when 2073 is divided by 88?
49
Calculate the remainder when 44797 is divided by 11177.
89
Calculate the remainder when 3303486 is divided by 141.
138
Calculate the remainder when 34486 is divided by 11495.
1
Calculate the remainder when 78005 is divided by 120.
5
Calculate the remainder when 38163 is divided by 1059.
39
Calculate the remainder when 598 is divided by 44.
26
What is the remainder when 23358 is divided by 7?
6
What is the remainder when 8956 is divided by 2212?
108
What is the remainder when 3243 is divided by 103?
50
What is the remainder when 210907 is divided by 68?
39
What is the remainder when 17545 is divided by 549?
526
Calculate the remainder when 5140 is divided by 68.
40
Calculate the remainder when 19931 is divided by 4880.
411
Calculate the remainder when 802 is divided by 370.
62
What is the remainder when 270072 is divided by 1429?
1420
What is the remainder when 14613 is divided by 266?
249
Calculate the remainder when 6641 is divided by 873.
530
Calculate the remainder when 2416 is divided by 708.
292
What is the remainder when 19973 is divided by 338?
31
What is the remainder when 11001 is divided by 2224?
2105
Calculate the remainder when 1282 is divided by 422.
16
Calculate the remainder when 1941308 is divided by 31.
26
What is the remainder when 31767 is divided by 1512?
15
Calculate the remainder when 4480 is divided by 1418.
226
Calculate the remainder when 4761 is divided by 75.
36
Calculate the remainder when 4062 is divided by 311.
19
Calculate the remainder when 61859 is divided by 15.
14
What is the remainder when 8295 is divided by 4147?
1
What is the remainder when 1747 is divided by 499?
250
What is the remainder when 2779 is divided by 115?
19
Calculate the remainder when 3336695 is divided by 44.
43
Calculate the remainder when 1321 is divided by 402.
115
Calculate the remainder when 5100 is divided by 459.
51
What is the remainder when 1095 is divided by 337?
84
Calculate the remainder when 61868 is divided by 951.
53
Calculate the remainder when 624511 is divided by 29.
25
Calculate the remainder when 27854 is divided by 4641.
8
What is the remainder when 15575 is divided by 240?
215
What is the remainder when 1275 is divided by 435?
405
Calculate the remainder when 190826 is divided by 44.
42
Calculate the remainder when 1451 is divided by 13.
8
What is the remainder when 861125 is divided by 177?
20
What is the remainder when 4648 is divided by 41?
15
What is the remainder when 28027 is divided by 131?
124
Calculate the remainder when 3076 is divided by 117.
34
Calculate the remainder when 6715 is divided by 431.
250
What is the remainder when 2518590 is divided by 1357?
1355
Calculate the remainder when 5226 is divided by 81.
42
Calculate the remainder when 888 is divided by 866.
22
Calculate the remainder when 1192 is divided by 198.
4
Calculate the remainder when 327667 is divided by 302.
299
Calculate the remainder when 120122 is divided by 13343.
35
Calculate the remainder when 568 is divided by 75.
43
Calculate the remainder when 1017 is divided by 756.
261
Calculate the remainder when 4144 is divided by 23.
4
Calculate the remainder when 50785 is divided by 8464.
1
What is the remainder when 95514 is divided by 120?
114
What is the remainder when 255 is divided by 73?
36
Calculate the remainder when 164103 is divided by 1303.
1228
Calculate the remainder when 16336 is divided by 4075.
36
Calculate the remainder when 3439 is divided by 5.
4
What is the remainder when 78200 is divided by 108?
8
Calculate the remainder when 10049 is divided by 840.
809
Calculate the remainder when 54831 is divided by 25.
6
Calculate the remainder when 1001946 is divided by 497.
491
Calculate the remainder when 32492 is divided by 4004.
460
What is the remainder when 2361 is divided by 214?
7
Calculate the remainder when 71512 is divided by 46.
28
What is the remainder when 32779 is divided by 110?
109
Calculate the remainder when 43542 is divided by 19.
13
Calculate the remainder when 92094 is divided by 23019.
18
What is the remainder when 1435 is divided by 237?
13
Calculate the remainder when 62510 is divided by 235.
0
Calculate the remainder when 12274 is divided by 4.
2
What is the remainder when 11110 is divided by 36?
22
Calculate the remainder when 57713 is divided by 222.
215
Calculate the remainder when 7665 is divided by 27.
24
What is the remainder when 5533 is divided by 56?
45
Calculate the remainder when 2650 is divided by 2096.
554
What is the remainder when 74670 is divided by 37333?
4
What is the remainder when 73377 is divided by 38?
37
Calculate the remainder when 6400 is divided b